 5*o + 3. Let b be l(6). Let v = 123 - b. Calculate the greatest common divisor of z and v.
10
Let a be 4/(-5) + 1584/55. Let v be 2 - 9/1 - -2. Let k be (v - -2)*14/(-3). Calculate the highest common factor of a and k.
14
Suppose -4*b - 3*l = b - 58, -3*l - 52 = -5*b. Suppose 3*k + 22 = 4*k. Calculate the greatest common divisor of b and k.
11
Let r(c) = -2*c - 5. Let q = 13 + -21. Let z be (-4 - q)*7/(-4). Let u be r(z). What is the highest common factor of u and 99?
9
Let q be 4/10 + 9/15. Let f be -6 - -3 - -15 - q. Calculate the greatest common divisor of f and 77.
11
Let v = -12 - -22. What is the highest common divisor of v and 25?
5
Let x(q) = -7*q - 1. Suppose -2*o = -5*o + 6. Suppose 8 = -o*b - 2*b. Let l be x(b). Calculate the highest common factor of 143 and l.
13
Let i = 11 - 5. What is the highest common divisor of i and 24?
6
Let i = 94 - 34. Let r(b) = b**3 - b**2 + b + 15. Let k be (0 + 0)/(-1 + 0). Let x be r(k). What is the greatest common divisor of x and i?
15
Suppose 0 = x - 6*x + 15. Let j be 2/7 - 5/((-140)/664). Suppose -j + 0 = -x*c. Calculate the highest common factor of c and 16.
8
Suppose 0 = -5*m + 2*m + 342. Suppose p = 3*p - m. Let y(k) = k**2 - 3*k + 10. Let z be y(7). Calculate the greatest common factor of z and p.
19
Suppose -45 - 144 = -k. Suppose -162 = 31*h - 37*h. Calculate the greatest common factor of h and k.
27
Suppose m = 3*x + 15, -2*m - 26 + 84 = x. What is the highest common factor of m and 9?
9
Let d be (17 + 3)/(2*1). Suppose -3*r + d = -2*r. Calculate the highest common factor of r and 15.
5
Let i = 9 + 5. Let f = 58 - 147. Let s = 159 + f. What is the greatest common divisor of s and i?
14
Let l = 99 - 95. What is the greatest common divisor of l and 28?
4
Let m(z) = 0*z + 3 - 9 - 10 + 2*z. Let q be m(11). Calculate the greatest common factor of 15 and q.
3
Let r = -2 - -4. Suppose -m - 4*j + 12 = 0, -3*m + r*j + 16 = 2*m. Let k(p) = -p**2 + p + 2. Let d be k(0). Calculate the highest common divisor of d and m.
2
Let c(w) = w**3 - 11*w**2 + 10. Let x be c(11). Calculate the highest common factor of x and 15.
5
Let p(b) = 9*b**3 - b**2 + 2*b - 1. Let y be p(1). Let s = y - -3. Suppose 3*t + 9 = 0, -2*n + 4*t = 11 - 191. What is the highest common factor of s and n?
12
Let u(m) = m**3 + 9*m**2 + 6*m - 4. Let n be u(-8). What is the highest common factor of 84 and n?
12
Let d = -69 + 79. What is the highest common factor of 6 and d?
2
Let v(q) be the first derivative of -q**3/3 - 9*q**2/2 - 5*q - 1. Let p be v(-8). Calculate the greatest common factor of 15 and p.
3
Let i be (-4)/(-18) + 302/18. Suppose -r - 8 = -5*a, 11 + 3 = 5*a + 2*r. Let p be ((-119)/21)/(a/(-42)). Calculate the highest common divisor of i and p.
17
Let i be (2/3)/((-10)/165). Let l = 0 - i. Calculate the highest common divisor of l and 22.
11
Let p = -30 - -31. What is the highest common factor of 5 and p?
1
Let k(x) = -x**2 + 4*x + 1. Let w be k(4). Let o be w/4 - (-118)/8. Let t = 574 - 409. Calculate the highest common divisor of o and t.
15
Let c be (-4)/6 - 628/(-6). Let z = c - 56. What is the highest common divisor of z and 12?
12
Suppose w = 9 + 26. Calculate the greatest common factor of 21 and w.
7
Let b = -254 + 364. Let r(d) = -9*d**3 + d**2. Let o be r(-1). Calculate the highest common divisor of b and o.
10
Let a = 24 + -16. Calculate the greatest common factor of 8 and a.
8
Suppose -2*i = -2*t - 364, -3*t - 344 = -2*i + 15. Calculate the greatest common factor of 17 and i.
17
Suppose -276 - 164 = -5*m. Suppose 4*k = 8*k - m. What is the greatest common divisor of k and 33?
11
Suppose -4*b - 5*x + 28 = 0, x = 5*b - x - 2. What is the highest common factor of b and 5?
1
Let x(b) = 4*b - 26. Let s be x(14). What is the greatest common factor of 45 and s?
15
Let j = 89 + -69. Calculate the greatest common divisor of 160 and j.
20
Let b be ((-8)/10 - 0)*-5. Suppose 2*z - 4 = 2*n + z, -b*n = 3*z + 28. Let x = -3 - n. What is the greatest common factor of x and 8?
1
Let g = -75 - -491. Suppose 3*v + 5*z = 419 - 102, -4*v - 5*z + g = 0. Calculate the greatest common divisor of 11 and v.
11
Let v = 32 + -31. Let f(d) = -d - 4. Let c be f(-5). Calculate the highest common divisor of c and v.
1
Let c be (-1*1)/((-192)/186 + 1). What is the greatest common divisor of 124 and c?
31
Let z(d) = d + 7. Let w be z(-3). What is the highest common divisor of w and 2?
2
Suppose 74 = 2*s + 2*n, -3*s = 2*s + 3*n - 185. Calculate the highest common factor of s and 37.
37
Let v = 16 - 3. Suppose -6*g + 552 = -2*g - 5*o, 2*o - 8 = 0. Calculate the highest common divisor of g and v.
13
Suppose -16 = -3*b - 52. Let t be 80/b*-1*3. Calculate the highest common factor of t and 20.
20
Suppose 2*m + 19 = -g + 63, -5*g = -20. Let x be m/(-2 + 4) - -1. What is the highest common factor of x and 11?
11
Let b = 1 - -3. What is the greatest common divisor of 40 and b?
4
Let x be 22/4 - (-1)/(-2). Suppose -416 = -5*h + 4*m, 2*h + 0*m - 180 = x*m. Let d be 12/(-1)*h/(-6). What is the greatest common divisor of 16 and d?
16
Suppose 5*f - 136 = -4*s, f + 2*s = -3*f + 110. Let m = 83 - f. Let z(g) = 2*g**2 + 3*g - 3. Let d be z(2). Calculate the greatest common factor of d and m.
11
Let k be 28/5 - 8/(-20). Calculate the highest common divisor of 4 and k.
2
Let u be (14/6 - 2)/(2/198). Calculate the greatest common divisor of u and 231.
33
Suppose g + 0 - 1 = 0. Suppose -r + 8 - g = 0. Let o be 2/r - (-80)/14. Calculate the greatest common factor of 66 and o.
6
Let y be 390/25 + 2/5. What is the highest common divisor of y and 12?
4
Suppose 3*j + 2*w = 512, 4*j - 552 = 2*w + 126. Calculate the greatest common factor of j and 10.
10
Suppose -4*w = -40 - 12. Calculate the greatest common divisor of w and 13.
13
Let f = 10 - -1. Suppose l + 162 = -58. Let a be 1*1/((-4)/l). Calculate the greatest common factor of a and f.
11
Let c be 145/(-13) - (-2)/13. Let f = 19 + c. Let a be (6/(-4))/((-6)/128). What is the greatest common divisor of a and f?
8
Suppose v - 2*y + 4 = -v, 3*v + 5*y = 34. Suppose 4*p = 3*p + v*h + 19, 2*h = -6. Calculate the highest common factor of 80 and p.
10
Suppose -7*k + 3*k = -148. Let b = k + -17. Let f(w) = -w**3 + 6*w**2 + 2*w - 8. Let n be f(6). What is the greatest common factor of b and n?
4
Let x be (-10 - -2)*(-1)/(-1). Let i = -1 - x. Calculate the greatest common divisor of 77 and i.
7
Suppose 0*h + 4*h = 0. Suppose h = -l - 19 + 94. Suppose -l + 15 = -x. Calculate the highest common divisor of x and 12.
12
Let b = -35 + 13. Let v = b - -31. Calculate the highest common divisor of v and 45.
9
Suppose -4*g + 1 = -3*s - 16, -3*g - 3*s = -18. Calculate the greatest common factor of 2 and g.
1
Let l = 3 + 0. Calculate the highest common divisor of l and 3.
3
Suppose 2*i - 76 = 6*i. Suppose -3*q + a = -16 - 72, 3*a + 148 = 5*q. Let x = i + q. Calculate the greatest common divisor of 70 and x.
10
Suppose -y + c + 59 = 22, -5*c - 148 = -4*y. Let f = y + -12. Let w = f + 23. Calculate the greatest common factor of 16 and w.
16
Suppose -3*t - 2*t + 40 = 0. Let l = -16 + 28. Calculate the greatest common factor of l and t.
4
Let r(w) = -7*w + 2. Let y be r(-4). What is the highest common divisor of y and 15?
15
Let x(s) = -1 + 12*s - 3*s + s. Let l be x(1). Calculate the highest common divisor of l and 9.
9
Let w = 13 - 13. Suppose -y + w*y = -100. Calculate the highest common divisor of 40 and y.
20
Let g be 4/(-2) + 3*-6. Suppose 187 + 93 = 4*h. Let s = h + g. Calculate the highest common divisor of s and 20.
10
Let u be 2/8 - (-357)/12. Let a = 42 - u. Calculate the highest common divisor of 6 and a.
6
Suppose 2*f - 5*f + 15 = 0. Let q = 26 + 4. Let o = q - 15. What is the greatest common divisor of f and o?
5
Let a be (33/(-22))/((-6)/8). What is the highest common factor of 12 and a?
2
Let g(u) = -u**3 + 10*u**2 + u - 8. Let i = 15 + -5. Let w be g(i). Let r(v) = 14*v**2 - v + 1. Let c be r(1). What is the greatest common divisor of w and c?
2
Let s = 3 - 6. Let r = s + 4. Suppose -3 = -a - r. Calculate the greatest common factor of 22 and a.
2
Let v(c) = -2*c - 5 + 4 - 7*c. Let l be v(1). Let y be 36/15 - (-4)/l. Calculate the greatest common divisor of y and 5.
1
Suppose -3*m = 5*h + 25, 8*h - 4*m + 60 = 3*h. Let g 